2 - v = 0. What is the remainder when m is divided by 57?
29
Let q = -1872 + 1887. Suppose -340 = -5*b + b. Calculate the remainder when b is divided by q.
10
Let t be 418/10 - (0 - 1/5). Suppose -21*s = -378 + t. What is the remainder when 538/1*(36/(-8) - -5) is divided by s?
13
What is the remainder when 417 is divided by 156/702 + (4 - 0 - (-464)/18)?
27
Suppose -12929 = -63*m + 27391. Calculate the remainder when m is divided by 66.
46
Suppose 23*h - 2*v + 491 = 26*h, v - 653 = -4*h. Calculate the remainder when h is divided by 111.
52
Let a(y) = -26*y**3 + 8*y**2 + 12*y + 3. Calculate the remainder when a(-2) is divided by 28.
23
Let i = -2272 - -2349. Calculate the remainder when 387 is divided by i.
2
Let z = -11394 + 11534. What is the remainder when 633 is divided by z?
73
Suppose w + 2*t - 11 = 0, -3*w + 4 = t - 4. Let c(x) = 4*x + 2. Calculate the remainder when c(w) is divided by 6/16 - (-777)/296.
0
Suppose g + 917 = 3*q + 145, -g - 1030 = -4*q. Calculate the remainder when q is divided by 22.
16
Suppose 16 + 20 = 2*b. Let d(w) = -w**3 - 2*w**2 + 2*w + 9. Let q be d(0). Calculate the remainder when b is divided by 5 + 128/24 - (-6)/q.
7
Let k(v) = 11 + 29*v + 84 + 124 - 30*v. Let d = -9 + 46. What is the remainder when k(0) is divided by d?
34
Suppose -4*b + 37 = 5*n, -23*b + 21*b = 3*n - 19. Calculate the remainder when 2806 is divided by n.
0
Suppose -5*g = 30, -23*v + 19*v + 3*g + 1174 = 0. Calculate the remainder when v is divided by 115.
59
Let k(l) = -l**2 - 56*l - 476. What is the remainder when k(-27) is divided by 52?
47
Suppose -4*y + 3007*t = 3002*t - 197, y - 72 = -2*t. What is the remainder when 578 is divided by y?
56
Suppose 3899*q - 4343 + 941 = 3893*q. Calculate the remainder when q is divided by 5.
2
Suppose -2*y = -3*h + 37 + 13, 5*h - 4*y - 82 = 0. Suppose -13*b - 1205 = -h*b. Calculate the remainder when b is divided by 41.
36
Let g = 4 + 5. Let a = -127 + 133. What is the remainder when a is divided by (-8)/12 - (-42)/g?
2
Let q(d) = -6*d**2 + 20*d - 4. Let n be q(3). Suppose -n*l + 3*t = -32, 8*t = -5*l + 5*t + 80. Calculate the remainder when 175 is divided by l.
15
What is the remainder when (-723)/(-2) - (-1359)/(-302) is divided by 233?
124
Let n = 121 + -240. What is the remainder when ((-160)/35 - -4)*n is divided by 41?
27
Let k = 7289 + -7194. What is the remainder when k is divided by 67?
28
Let u be (-13454)/(-98) - (-2)/(-7). What is the remainder when (u + -3)*(-3)/(-12)*2 is divided by 10?
7
Suppose -6*o - 336 = o. Let j be (-256)/o + (-2)/(-3). Let x(b) = -b**3 + 5*b**2 + 5*b + 8. Calculate the remainder when 6 is divided by x(j).
0
Let g = -693 + 696. Let h(f) = -4*f**2 - 1 - 1 + 3*f**2 + 0 + f**3. Calculate the remainder when 29 is divided by h(g).
13
Suppose 4*o - 195 - 473 = 4*x, 3*o = -4*x + 543. What is the remainder when 529 is divided by o?
10
Suppose 4*w + 34 = -2*a, 2*a + 64 - 26 = -5*w. What is the remainder when (-38)/57 + (-1176)/a is divided by 12?
10
Suppose 0 = 7*j - 7515 + 6062 - 9691. Calculate the remainder when j is divided by 39.
32
Let a be 30/4*24/36. Suppose -2*x + 27 = a*r, x - 13 = -r - 2*r. What is the remainder when 138/2553 + 2329/37 is divided by x?
15
Let y = 1236 + -512. Calculate the remainder when y is divided by 124.
104
Let s(p) = 4*p**2 - 9*p + 9. Let q be s(6). Suppose -15*j = -473 + 1238. Let u = q + j. Calculate the remainder when u is divided by 7.
6
Suppose -b + 84 = 3*b. Suppose 17*r = r + 712 + 280. What is the remainder when r is divided by b?
20
Suppose -4*w = -3*z + 8*z - 517, 3*w - 363 = -z. What is the remainder when w is divided by 27?
10
Let l = -77 + 60. Let r(k) = -k**3 - 16*k**2 + 14*k - 24. What is the remainder when r(l) is divided by 10?
7
Suppose -5 = -11*x + 28. Suppose 2*o = s + s - 162, -x*o = 3*s - 249. Let j = -54 + s. What is the remainder when j is divided by 8?
4
Let u(q) = -11 - 8*q - 1 - 26*q. Suppose r - 3*r = -28. Calculate the remainder when u(-1) is divided by r.
8
Let u = -19 + 21. Let x be (3/u)/(5 + 7435/(-1490)). Suppose 146 = 3*p + r, -4*r - 67 = -4*p + x. What is the remainder when p is divided by 11?
6
Suppose -3*y + y = 2*k - 118, 0 = -4*k + 4*y + 212. Suppose 4*r - 14*o - 44 = -15*o, -3*r + 56 = -5*o. What is the remainder when k is divided by r?
8
Suppose 0*g - 3*y - 185 = -2*g, 96 = g + 2*y. Calculate the remainder when g is divided by 48.
46
Let j(d) = 20*d**3 - d**2 + d. Calculate the remainder when (-2)/28 + (-925586)/(-5348) is divided by j(1).
13
What is the remainder when (-19)/((-100)/1500*(3 - 0)) is divided by 47?
1
Let a be (105/12 - 9) + (-34)/(-8). Suppose 0 = -4*d + a*k + 24, -k = -0*d + d - 10. What is the remainder when 46 is divided by d?
6
Let s(m) be the first derivative of -m**3/3 - 19*m**2/2 - 54*m + 145. What is the remainder when 2/4 - 89/(-2) is divided by s(-5)?
13
Let d = -21832 - -21903. Calculate the remainder when d is divided by 6*(-2 + (-20)/(-6)).
7
Suppose 0 = 3*r - x - 347, 5*r - 16*x = -12*x + 576. What is the remainder when 134 is divided by r?
18
Let j be 2/(4/2) - (-13 + 12). Suppose 115 = 7*n - j*n. Suppose 6*y = 151 + n. Calculate the remainder when y is divided by 6.
5
Suppose -5*g - 3*k + 62 = 1, 2*g - 5*k - 12 = 0. Suppose g = 3*v + 2. Suppose v*u + 2*u = 265. What is the remainder when u is divided by 18?
17
Suppose 0 = -14*k + 3056 + 880 + 10512. What is the remainder when k is divided by 69?
66
Suppose 3*p - 94 = -4*j - 0*p, 0 = 5*j - p - 127. Suppose s = 4*h - 2*h + j, -s - 4*h + 1 = 0. What is the remainder when 203 is divided by s?
16
Let a be (2 - 1)/((-1)/(-49)). Suppose v + d - a = 0, -v - 2*v + 149 = 4*d. What is the remainder when v is divided by -17 + 16 + 18 + 7?
23
Suppose -2405 = 7*x - 9804. Let q = x - 721. What is the remainder when q is divided by 26?
24
Calculate the remainder when 160 is divided by (-3)/(30/(-75) - 18/(-70)).
13
What is the remainder when (35 + (-78)/(-6))/((-9)/(-192)) is divided by 9?
7
Let h(o) = 2*o**3 + 7*o**2 + 9*o - 14. Let z be h(-3). Let p(q) = -q - 12. Calculate the remainder when 98 is divided by p(z).
18
Let i(u) = 4*u - 72. Let h be i(20). Suppose -25 - 31 = -h*q. What is the remainder when 46 is divided by q?
4
Let d = -264 - -288. Calculate the remainder when 4367 is divided by d.
23
Let x(w) = -w**3 + 10*w**2 - 9*w - 15. Let m be x(8). Suppose 1798 = m*u - 1236. What is the remainder when 961 is divided by u?
73
Suppose -a + 296 = 5*r - 934, -1013 = -4*r + 5*a. What is the remainder when r is divided by 81?
4
Let d = 302 + -271. Suppose 1287 = d*a + 47. What is the remainder when a is divided by 11?
7
Let t(w) = -26*w - 54. Let z be t(-3). Let g(m) = 11*m - 5. Let h be g(4). Let v = h - z. Calculate the remainder when 23 is divided by v.
8
Let y be 22/8 - (-6)/24. Suppose -3*u - 2*o - y = 3*o, 2*u - 2*o = -18. What is the remainder when 9/u*1*-34 is divided by 13?
12
Let f = 34 - 42. Let x be 90/f + (-3)/(-12). Let p(s) = -s + 11. Calculate the remainder when p(x) is divided by 7.
1
Let i be (1 + 7)*(-1)/(-4) - -1496. Suppose 35*f + 413 = i. Calculate the remainder when f is divided by 10.
1
Let o(a) = -13*a**2 - 133*a - 2. Calculate the remainder when 696 is divided by o(-9).
128
Let s(n) = -n**2 + 39*n - 176. Let q(g) = g**3 + 13*g**2 + 8*g - 5. What is the remainder when q(-12) is divided by s(33)?
21
Let y = -188 + 236. Calculate the remainder when (-9 + 28)/((-1)/(-53)) is divided by y.
47
Suppose -35*u + 45*u = -5630. Let k = -461 - u. What is the remainder when k is divided by 8?
6
Suppose -d + 20 = 5*c, -4*c + 2*d - 4 = -20. Let h(q) = -51*q - 708. Calculate the remainder when 12/c*(-16)/(-3) is divided by h(-14).
4
Let k(p) = -p**3 + 4*p**2 + 4*p - 5. Let v(h) = h**3 - 6*h**2 + 12*h - 26. Let c be (1 - -4)*(-60 + 61). What is the remainder when k(4) is divided by v(c)?
2
Calculate the remainder when 9/(-18)*664/(-5 + (-78)/(-18)) is divided by 30.
18
Suppose 4*f = -2*u + 912, 5*u - 2273 = -f - 2*f. Suppose -17*g + 141 + u = 0. Calculate the remainder when 137 is divided by g.
32
Let l = -959 + 1009. Suppose -19 = -3*f - 7. Suppose 195 = f*k - 3*k. What is the remainder when k is divided by l?
45
Let x(b) = b**3 + 6*b**2 - 10*b - 10. Let y(p) = -2*p**2 - 2 + 3*p**2 - 29*p**3 + p - 3*p - 33*p**3. What is th